{"id":2,"date":"2025-01-20T19:07:17","date_gmt":"2025-01-20T18:07:17","guid":{"rendered":"http:\/\/zebrailes.fr\/?page_id=2"},"modified":"2026-02-22T11:45:02","modified_gmt":"2026-02-22T10:45:02","slug":"page-d-exemple","status":"publish","type":"page","link":"http:\/\/zebrailes.fr\/","title":{"rendered":"Une \u00e9cole alternative \u00e0 Pontoise (95)"},"content":{"rendered":"\n<p><\/p>\n\n\n\n<p class=\"has-medium-font-size\"><strong>Pour qui ? <\/strong><\/p>\n\n\n\n<figure class=\"wp-block-image alignright size-full is-resized\"><img loading=\"lazy\" decoding=\"async\" width=\"1024\" height=\"768\" src=\"https:\/\/zebrailes.fr\/wp-content\/uploads\/2025\/02\/ecole-exterieur.jpeg\" alt=\"\" class=\"wp-image-34\" style=\"width:462px;height:auto\" srcset=\"http:\/\/zebrailes.fr\/wp-content\/uploads\/2025\/02\/ecole-exterieur.jpeg 1024w, http:\/\/zebrailes.fr\/wp-content\/uploads\/2025\/02\/ecole-exterieur-300x225.jpeg 300w\" sizes=\"auto, (max-width: 1024px) 100vw, 1024px\" \/><\/figure>\n\n\n\n<p>L&#8217;\u00e9cole Zebr&#8217;ailes est une \u00e9cole \u00e9l\u00e9mentaire qui accueille <strong>tous les enfants, de la Petite Section au CM2<\/strong>. Elle convient particuli\u00e8rement aux enfants \u00e0 haut potentiel et\/ou hypersensibles qui ont besoin d&#8217;un lien affectif stable et s\u00e9curisant, ainsi que d&#8217;un environnement apais\u00e9.<\/p>\n\n\n\n<p>L&#8217;\u00e9cole accueille de nombreux enfants qui ne s&#8217;\u00e9panouissent pas dans le syst\u00e8me classique et qui ont besoin d&#8217;un petit effectif et d&#8217;un environnement s\u00e9curisant pour mettre en avant leur potentiel. <\/p>\n\n\n\n<p><\/p>\n\n\n\n<blockquote class=\"wp-block-quote is-layout-flow wp-block-quote-is-layout-flow\">\n<p>La p\u00e9dagogie est diff\u00e9renci\u00e9e, respectueuse des particularit\u00e9s cognitives et comportementales des enfants. <\/p>\n<\/blockquote>\n\n\n\n<p><\/p>\n\n\n\n<div data-wp-interactive=\"core\/file\" class=\"wp-block-file aligncenter\"><object data-wp-bind--hidden=\"!state.hasPdfPreview\" hidden class=\"wp-block-file__embed\" data=\"https:\/\/zebrailes.fr\/wp-content\/uploads\/2025\/03\/plaquette-Zebrailes-2.pdf\" type=\"application\/pdf\" style=\"width:100%;height:600px\" aria-label=\"Embed of plaquette Zebr&apos;ailes .\"><\/object><a id=\"wp-block-file--media-28d668c0-36d0-4724-8db4-6df7db23a577\" href=\"https:\/\/zebrailes.fr\/wp-content\/uploads\/2025\/03\/plaquette-Zebrailes-2.pdf\">plaquette Zebr&#8217;ailes <\/a><a href=\"https:\/\/zebrailes.fr\/wp-content\/uploads\/2025\/03\/plaquette-Zebrailes-2.pdf\" class=\"wp-block-file__button wp-element-button\" download aria-describedby=\"wp-block-file--media-28d668c0-36d0-4724-8db4-6df7db23a577\">T\u00e9l\u00e9charger<\/a><\/div>\n","protected":false},"excerpt":{"rendered":"<p>Pour qui ? L&#8217;\u00e9cole Zebr&#8217;ailes est une \u00e9cole \u00e9l\u00e9mentaire qui accueille tous les enfants, de la Petite Section au CM2. Elle convient particuli\u00e8rement aux enfants \u00e0 haut potentiel et\/ou hypersensibles qui ont besoin d&#8217;un lien affectif stable et s\u00e9curisant, ainsi que d&#8217;un environnement apais\u00e9. L&#8217;\u00e9cole accueille de nombreux enfants qui ne s&#8217;\u00e9panouissent pas dans le &hellip; <\/p>\n<p class=\"link-more\"><a href=\"http:\/\/zebrailes.fr\/\" class=\"more-link\">Read more<span class=\"screen-reader-text\"> &#8220;Une \u00e9cole alternative \u00e0 Pontoise (95)&#8221;<\/span><\/a><\/p>\n","protected":false},"author":1,"featured_media":0,"parent":0,"menu_order":0,"comment_status":"closed","ping_status":"open","template":"","meta":{"footnotes":""},"class_list":["post-2","page","type-page","status-publish","hentry"],"_links":{"self":[{"href":"http:\/\/zebrailes.fr\/index.php?rest_route=\/wp\/v2\/pages\/2","targetHints":{"allow":["GET"]}}],"collection":[{"href":"http:\/\/zebrailes.fr\/index.php?rest_route=\/wp\/v2\/pages"}],"about":[{"href":"http:\/\/zebrailes.fr\/index.php?rest_route=\/wp\/v2\/types\/page"}],"author":[{"embeddable":true,"href":"http:\/\/zebrailes.fr\/index.php?rest_route=\/wp\/v2\/users\/1"}],"replies":[{"embeddable":true,"href":"http:\/\/zebrailes.fr\/index.php?rest_route=%2Fwp%2Fv2%2Fcomments&post=2"}],"version-history":[{"count":4,"href":"http:\/\/zebrailes.fr\/index.php?rest_route=\/wp\/v2\/pages\/2\/revisions"}],"predecessor-version":[{"id":187,"href":"http:\/\/zebrailes.fr\/index.php?rest_route=\/wp\/v2\/pages\/2\/revisions\/187"}],"wp:attachment":[{"href":"http:\/\/zebrailes.fr\/index.php?rest_route=%2Fwp%2Fv2%2Fmedia&parent=2"}],"curies":[{"name":"wp","href":"https:\/\/api.w.org\/{rel}","templated":true}]}}